alculate the greatest common divisor of 682201 and 26.
13
Calculate the greatest common factor of 319371 and 969.
57
Calculate the highest common factor of 6430 and 1990.
10
What is the greatest common factor of 742217 and 5?
1
Calculate the greatest common factor of 424 and 209992.
8
What is the greatest common factor of 34226704 and 44921?
1549
Calculate the greatest common divisor of 608 and 4226304.
32
What is the greatest common divisor of 3757 and 231699?
13
What is the highest common factor of 29043 and 30996?
63
Calculate the greatest common factor of 1483698 and 79692.
174
What is the highest common divisor of 82685 and 3173666?
719
What is the greatest common factor of 13717 and 12516139?
1247
Calculate the highest common divisor of 1756390 and 2442.
74
What is the highest common divisor of 2343 and 55005049?
781
What is the greatest common divisor of 12040 and 118110680?
1720
Calculate the highest common divisor of 29230 and 17053730.
790
What is the greatest common factor of 127893 and 474370?
89
What is the highest common factor of 22301733 and 1719?
573
What is the highest common divisor of 3977004 and 2004?
12
What is the greatest common divisor of 464718 and 216?
6
Calculate the greatest common factor of 519930 and 13783050.
9810
Calculate the highest common divisor of 390 and 7332130.
130
What is the greatest common factor of 850944 and 1752?
24
What is the highest common factor of 47952908 and 1084?
1084
What is the greatest common divisor of 172 and 6941?
1
Calculate the highest common factor of 56938754 and 186.
62
Calculate the highest common factor of 2955988 and 7720.
772
What is the greatest common divisor of 14301 and 9834321?
4767
What is the greatest common divisor of 42222 and 2814831?
93
What is the greatest common factor of 36 and 45208458?
18
Calculate the greatest common factor of 12174 and 23754.
6
What is the highest common factor of 12659920 and 1222?
1222
Calculate the highest common divisor of 69542589 and 4827.
4827
What is the greatest common factor of 1218 and 2663853?
87
What is the highest common divisor of 21 and 2870113827?
21
What is the highest common divisor of 1392225 and 37601?
19
What is the highest common factor of 3958610 and 30?
10
What is the greatest common factor of 65 and 30446845?
65
Calculate the highest common factor of 945545 and 209815.
145
What is the greatest common divisor of 35595225 and 54?
9
Calculate the highest common factor of 320279 and 25241611.
6043
Calculate the highest common divisor of 768604440 and 63959.
9137
What is the greatest common divisor of 6216 and 19672863?
777
Calculate the highest common factor of 12681143 and 4282.
2141
What is the highest common divisor of 134082 and 18252?
702
Calculate the greatest common factor of 276 and 6791716.
92
Calculate the greatest common divisor of 222145 and 3176635.
385
Calculate the highest common factor of 23704064 and 4.
4
What is the highest common divisor of 4346900 and 9500?
100
Calculate the greatest common divisor of 70347222 and 396.
198
Calculate the greatest common factor of 35964 and 3159972.
972
What is the highest common divisor of 695760 and 15?
15
Calculate the highest common divisor of 6 and 9782.
2
Calculate the greatest common divisor of 63208803 and 8973.
2991
What is the highest common divisor of 15750 and 175140?
630
Calculate the highest common divisor of 15855 and 23415.
105
What is the highest common factor of 35112 and 44403?
57
Calculate the highest common divisor of 8874710 and 11115.
1235
What is the highest common factor of 2619 and 34437?
3
Calculate the highest common factor of 204 and 51002703.
51
What is the highest common factor of 64680 and 61537140?
2940
What is the highest common factor of 2240 and 447808?
64
What is the greatest common divisor of 9642160 and 4510?
110
Calculate the highest common factor of 238 and 13168414.
14
Calculate the highest common factor of 8574 and 951785450.
2858
What is the highest common factor of 189 and 35833779?
27
Calculate the highest common divisor of 5190 and 15070.
10
What is the greatest common factor of 15460 and 435220644?
3092
What is the highest common factor of 361064 and 8?
8
What is the greatest common divisor of 470792 and 21560?
392
Calculate the greatest common factor of 1218 and 747012.
42
Calculate the highest common divisor of 13027810 and 5.
5
What is the greatest common divisor of 2486 and 29282594?
2486
Calculate the highest common divisor of 194812370 and 1550.
310
Calculate the highest common divisor of 19993032 and 1491.
213
What is the greatest common divisor of 502403 and 2035?
11
Calculate the greatest common factor of 26571728 and 8.
8
Calculate the highest common factor of 26436288 and 48984.
3768
Calculate the greatest common divisor of 36838 and 426914.
226
What is the greatest common factor of 996397195 and 62?
31
What is the highest common divisor of 18767 and 29743?
49
What is the highest common factor of 273 and 21960549?
39
Calculate the greatest common divisor of 1786 and 78202689.
893
What is the greatest common divisor of 36 and 1415231640?
36
What is the highest common factor of 73041 and 7248378?
753
What is the greatest common divisor of 9218 and 348131597?
4609
What is the greatest common divisor of 2462 and 30259211?
1231
What is the greatest common factor of 168 and 11494140?
84
Calculate the greatest common factor of 102 and 53065857.
51
What is the greatest common factor of 5 and 6939941?
1
What is the highest common factor of 181745 and 34719?
163
Calculate the highest common divisor of 15484 and 1449812.
196
What is the highest common divisor of 1125 and 18381375?
1125
What is the greatest common factor of 372216 and 1680?
24
What is the greatest common factor of 756828 and 6?
6
What is the highest common factor of 10346050 and 65650?
650
What is the greatest common divisor of 912623 and 34343?
563
What is the greatest common factor of 4966 and 3510104?
26
Calculate the highest common factor of 81 and 2681208.
27
Calculate the highest common factor of 33 and 1233015.
3
Calculate the highest common divisor of 5005 and 1711325.
385
What is the highest common divisor of 894010 and 5720?
130
Calculate the greatest common divisor of 323 and 1320975.
19
What is the highest common divisor of 28 and 10704162?
14
What is the highest common factor of 6197677 and 145?
29
Calculate the greatest common factor of 186946 and 931354.
422
Calculate the greatest common divisor of 301 and 172940797.
43
What is the greatest common divisor of 22781 and 287793?
209
What is the highest common divisor of 2941 and 17419543?
2941
Calculate the highest common factor of 202 and 76318.
2
Calculate the greatest common divisor of 30680538 and 11235.
2247
What is the greatest common divisor of 2303827 and 6913?
31
Calculate the greatest common divisor of 1105824 and 96.
96
Calculate the highest common divisor of 68 and 319653244.
68
Calculate the greatest common factor of 2027648 and 107136.
3968
What is the highest common divisor of 8 and 24304024?
8
What is the highest common divisor of 4 and 2636314?
2
What is the highest common factor of 390975 and 57744?
1203
Calculate the greatest common divisor of 1111 and 481318530.
1111
Calculate the highest common divisor of 7410376 and 2920.
584
Calculate the greatest common divisor of 2645 and 73321516.
529
What is the highest common divisor of 6464608 and 256?
32
Calculate the highest common factor of 612582 and 1254.
6
What is the highest common divisor of 6565035 and 960?
15
What is the greatest common divisor of 10342151 and 16?
1
Calculate the greatest common divisor of 198780 and 146490.
30
What is the highest common divisor of 445387 and 6167147?
3251
Calculate the greatest common divisor of 55626 and 12232464.
438
Calculate the greatest common divisor of 870906582 and 1638.
1638
Calculate the highest common divisor of 276 and 645144.
12
Calculate the highest common divisor of 396558778 and 368.
46
What is the greatest common factor of 95900 and 44800?
700
What is the greatest common factor of 2499 and 2565885?
147
Calculate the highest common factor of 100766736 and 512.
16
What is the highest common factor of 18 and 15293718?
18
What is the greatest common divisor of 363266 an